02)?
17, 103
Let o(p) = 145*p**2 + 11*p - 17. Suppose -22*t + 36 = -4*t. List the prime factors of o(t).
3, 5, 13
Suppose d = 43 - 28. Suppose d*n + 5392 = 25432. Suppose -2*y - 6*y = -n. What are the prime factors of y?
167
Suppose 0 = l + 12*l + 260. Let r = l + 24. Suppose 443 = r*s - 25. List the prime factors of s.
3, 13
Let l(d) = -d**3 - d + 179. Let q be l(0). Suppose 5*n = -u + 95, -3*u - 5*n = -q - 76. What are the prime factors of u - (3 - (-6)/(-1))?
83
Let k = 2275 - 592. Let q = k + -28. What are the prime factors of q?
5, 331
Suppose -10*p + 36 + 4 = 0. Suppose 4*h + 17 = 3*k - 54, p*h + 5*k + 31 = 0. Let a = h - -61. List the prime factors of a.
47
Suppose 0 = -r - 2*r - 5*w - 3, -4*w + 8 = 5*r. Suppose r*l + 215 = q - 339, -408 = 3*l + 3*q. Let j = l + 205. List the prime factors of j.
67
Let k = -9186 + 23728. What are the prime factors of k?
2, 11, 661
Let y = -191 + 194. Suppose -l = y*g - 384, -5*g - 1163 = -3*l - 3*g. What are the prime factors of l?
3, 43
Let w be (-824)/(-120) + (-28)/15 + 2. Let u(f) = 1. Let d(t) = -5*t - 22. Let z(l) = -d(l) + 4*u(l). What are the prime factors of z(w)?
61
Let m = -25 - -30. Suppose m*v - 344 = 9*v. Let s = 32 - v. List the prime factors of s.
2, 59
Let p = 11903 + 7939. List the prime factors of p.
2, 3, 3307
Suppose -96*z + 239665 = -58*z + 37695. What are the prime factors of z?
5, 1063
Suppose m - 31784 = -2*c, 3*m = 4*c - 11600 - 51988. What are the prime factors of c?
2, 3, 883
Let q be (4/6)/(2*(-7)/34062). Suppose -53 = 2*t - 143. List the prime factors of q/(-9) + ((-190)/t - -4).
2, 3, 5
Let f = 48359 - 24345. List the prime factors of f.
2, 12007
Suppose 33*p - 218287 = 191177. What are the prime factors of p?
2, 3, 11, 47
Let y(s) = -127*s + 38. Let f be y(-3). Suppose -409*x = -f*x + 690. List the prime factors of x.
3, 23
Suppose 5*d = 20, -19810 - 5875 = -5*w - 5*d. What are the prime factors of w?
3, 29, 59
Let v(t) = 21822*t + 1602. What are the prime factors of v(1)?
2, 3, 61
Let d(l) be the third derivative of -l**4/8 + 10*l**3/3 + 2*l**2. Let f be d(6). Suppose w + 159 = f*w. List the prime factors of w.
3, 53
Suppose 40 = -6*k + 34. Let d be (-10)/4*(-6)/(-3). List the prime factors of k/(-4) + (1785/12 - d).
2, 7, 11
Suppose 28*h = 20*h - 56. List the prime factors of (-49 + -8 + 4)*h + -2.
3, 41
Let o = -12 + 9. Let r(p) = 4*p**3 - 2*p**2 - 3*p + 38. Let w(d) = -7*d**3 + 4*d**2 + 5*d - 76. Let s(a) = o*w(a) - 5*r(a). What are the prime factors of s(0)?
2, 19
Let g be ((-10)/(-4))/((-7)/14). Let u be 32*g/(-10)*-1. List the prime factors of 111*(u/(-6))/8.
37
Suppose -r + l = 119 + 222, 4*l = 5*r + 1701. What are the prime factors of (-1)/5*(3 - 13) - r?
3, 113
Suppose 13*u - 50877 = 10*u + 3*o, 0 = 4*u - 5*o - 67837. What are the prime factors of u?
2, 61, 139
What are the prime factors of (2 - 20876/(-102))/((-1)/(-12))?
2, 5, 31
Let q be -9 - -2 - -21 - 5. Let t(g) = g**2 + 15*g - 92. What are the prime factors of t(q)?
2, 31
Suppose 3*b - 119705 = -5*r, -r + 5*b + 4873 = -19096. List the prime factors of r.
2, 41, 73
Let c(o) = -13*o + 52. Let i be c(6). Let b = i + 650. What are the prime factors of b?
2, 3, 13
Let v = 28 + -28. Suppose 3*w - 2433 + 258 = v. What are the prime factors of w?
5, 29
Suppose 3*u = -2*u - z - 76, -5*u - 4*z = 64. Let o = u - -21. List the prime factors of (-2)/(8/(-282)) + o/10.
71
Suppose -4*t - 5*i + 65 = 0, 10*t = 6*t - i + 45. Let w(a) = 2*a**2 - 13*a + 27. What are the prime factors of w(t)?
97
Let h(a) = 2*a**3 + 62*a**2 - 31*a + 96. What are the prime factors of h(-31)?
7, 151
Suppose -4*n - 22 = -3*h, 0 = -h - 0*h + 4*n + 18. Let w be (h/4)/(12/72). Suppose -3*y + 4*f + 12 = 0, -2*y - w*f = -4 - 4. What are the prime factors of y?
2
List the prime factors of (-12 + (-182)/(-14))*24674.
2, 13, 73
Let b(d) = 14*d - 13. Let p be b(1). What are the prime factors of (198 - p)/(44/88)?
2, 197
Let g(x) = 7812 - 7771 + 3*x + 3*x - 45*x**2 + x**3. List the prime factors of g(45).
311
Suppose d + 8245 = 2*l - 1327, 14349 = 3*l - 3*d. What are the prime factors of l?
4789
Let z be ((-28)/(-16))/(3/12). Suppose 0 = 2*v - z*v. List the prime factors of -3 + (-61)/((-2 - v)/2).
2, 29
Let m(d) = 2*d**2 + 4*d + 3. Let j be m(-7). Let t = -65 + j. Suppose 0*s + 4*s + 316 = 4*l, -2*s + t = 0. List the prime factors of l.
83
Suppose 105*q - 165*q + 104284 = -163976. What are the prime factors of q?
17, 263
Suppose -9*u + 3 = -6*u. Suppose u = -x + 5, -4 = 2*l - x. Suppose l = 7*v - 712 - 177. What are the prime factors of v?
127
Suppose 27*b = 67*b - 1802960. List the prime factors of b.
2, 31, 727
Let i(n) = 40*n**2 + 108*n - 1436. List the prime factors of i(14).
2, 1979
Let j(v) = -4*v + 19. Let i be j(4). Let w(q) = 12*q**2 - 7. Let d be w(i). Let g = -77 + d. What are the prime factors of g?
2, 3
What are the prime factors of (-318)/530 - (-22863)/5?
2, 3, 127
Let c(k) = 29*k - 4. Let p(m) = -57*m + 9. Let f(t) = -5*c(t) - 3*p(t). Let r be f(10). Let u = r - 147. What are the prime factors of u?
2, 53
Let v be -7 - (-3 + 2)*(1 + 1). Let b be 2/v + 3156/15. Suppose -66 = 2*d - b. List the prime factors of d.
2, 3
Let p be -2 + (-84)/4 + 5. What are the prime factors of (-17169)/p - (-12)/72?
2, 3, 53
Let q = 1196 - 296. Suppose 5*z - 340 = q. Let s = z + -130. What are the prime factors of s?
2, 59
Suppose 3*o = -2*a - 14, 0 = -3*o + a - 0*a - 2. Let p be ((-84)/18)/(o/3). Suppose 0 = p*h - 308 - 294. What are the prime factors of h?
2, 43
Suppose 44*g = -120*g + 659549 + 1548055. What are the prime factors of g?
3, 7, 641
List the prime factors of 2*(-9 - -2)*(-31 + (-20236)/8).
3, 7, 569
List the prime factors of (-2 - (-249)/12)*87096/342.
5, 191
Let n(g) = -51*g**2 + 8891. List the prime factors of n(0).
17, 523
Suppose -p = 5*g - 110857, 0 = 6*g - 2*p - 98406 - 34632. List the prime factors of g.
2, 23, 241
Let p be 2/5*(-13825)/(-7). Let z = p + -89. What are the prime factors of z?
701
Let n = -103 - -106. Suppose -5*o = 5*d - 155, 0 = d + n*d - 3*o - 138. List the prime factors of d.
3, 11
Suppose 3*b - 162 = -2*c, -3*b - 14 = -2. Let y = c + -83. Suppose 2*m - 41 = m + 3*v, 2*m = y*v + 88. List the prime factors of m.
2, 5
Let w(n) = -n**3 - 82*n**2 - 10*n - 298. What are the prime factors of w(-84)?
2, 17, 431
Suppose 5*z - 60039 = 6*r - 9*r, -20011 = -r - z. What are the prime factors of r?
2, 41, 61
Suppose 246 = 8*o - 14*o. Let a = o + 80. Suppose -150 = -r + 3*p + a, 194 = r - 4*p. List the prime factors of r.
2, 3, 29
Suppose 436371 = -66*s - 37*s + 4584284. What are the prime factors of s?
7, 11, 523
Suppose 5404571 - 1259027 = 118*r - r. List the prime factors of r.
2, 43, 103
Let j(w) = w**3 + 9*w**2 + 9*w + 13. Let d be j(-8). Let i(n) = 56*n - 21 - 66*n - 6*n**2 - n**3 + d. List the prime factors of i(-8).
2, 3
Suppose 161 = 5*h - 229. Suppose -7*f - h = -8*f. Suppose -3*k - 10 = -k, -c = -2*k - f. What are the prime factors of c?
2, 17
Suppose -19*m + 10563 - 2754 = 0. Let n = -145 + m. What are the prime factors of n?
2, 7, 19
Let k = -25143 + 35322. List the prime factors of k.
3, 13, 29
Suppose 9*f - 5*f - 340 = 0. Let l = 18 + f. Let q = l - 32. What are the prime factors of q?
71
Let m = -225 + 237. Let o(k) = -k**3 + 12*k**2 + 21*k + 19. List the prime factors of o(m).
271
Suppose -33*f + 1843647 = 30*f + 624282. What are the prime factors of f?
5, 7, 79
Let z = -252 - 142. Let c = z + 880. Let s = c - 264. List the prime factors of s.
2, 3, 37
What are the prime factors of (-210)/490 + -1 + -574958*(-3)/42?
3, 13
Let g(v) = 35877*v - 1643. What are the prime factors of g(1)?
2, 17117
Suppose 774492 - 4522514 = -93*n - 233*n. List the prime factors of n.
11497
Let k(x) = x**2 - 7*x - 11. Let d be k(9). Suppose d*n - 1672 = 2864. List the prime factors of n.
2, 3
Suppose 5*c = -2*i + 26405 - 6375, 0 = -4*c. What are the prime factors of i?
5, 2003
Suppose 185*d - 181350 = 170*d. List the prime factors of (52/6)/(124/d).
5, 13
Suppose -3*n - 66 = -2*k, 137 = 4*k + n - 9. Let q(a) = 20*a - 17. What are the prime factors of q(k)?
19, 37
Let m(g) = 5*g**2 - 4*g + 7. Let s be 664/40 + 2/5. Let d = 20 - s. What are the prime factors of m(d)?
2, 5
Let g = -19849 - -46924. List the prime factors of g.
3, 5, 19
Wh